44 = -5*j. Determine x(j).
-8
Let b(q) be the second derivative of 0 - 1/6*q**3 + 5/12*q**4 - q + 3/2*q**2 - 1/20*q**5. Let t = 17 - 12. Determine b(t).
-2
Suppose 10*s = -2165 + 2155. Let z(t) = 12*t - t - 2*t. What is z(s)?
-9
Let b(d) = 4*d**2 - 7*d + 6. Let j(x) = x**2 - x. Let i(s) = b(s) - 3*j(s). Let z(g) = 7 - 2 + g + 3*g - 1. Let w be z(0). Calculate i(w).
6
Let m(q) = -q**3 + 7*q**2 + 7*q + 6. Let u = 28 + -27. Let r be u*4/(-10)*80/(-4). Give m(r).
-2
Suppose -5*d + 6 = -o + 2, -2*o + 6 = 4*d. Let i(l) = -4*l**2 - 2*l + 1. Give i(o).
-5
Let s(y) = 4*y + 4*y - 38 + y**3 + 31 + 9*y**2. Determine s(-8).
-7
Let l be 25 - (5 - 1)*1. Let y = -18 + l. Suppose -27 = -y*a - 12. Let s(v) = -v**2 + 9*v. Determine s(a).
20
Let c(m) = -m**3 - 6*m**2 - 2*m - 4. Let g = -35 - -41. Suppose 0*u = u + g. What is c(u)?
8
Suppose 3*s - 6 - 6 = 0. Let p be (-18)/(-4) + (-2)/s. Suppose g - p*o + 20 = -7*o, 5*o + 15 = 2*g. Let d(b) = 4*b + 7. What is d(g)?
-13
Let i(g) = -3*g + 1. Let l(b) = b**2 + 13*b - 26. Let o be l(-15). Suppose -2*k = k + 12, -4 = 4*t + o*k. What is i(t)?
-8
Let q(b) = -15*b**2 + 5. Let x(o) = 16*o**2 - 6. Let s(g) = 4*g - 2. Let d be s(2). Let t(w) = d*q(w) + 5*x(w). What is t(-1)?
-10
Let t(c) be the second derivative of -c**3/6 - c**2/2 - 2*c. Suppose 232 = -35*g - 118. Give t(g).
9
Let d(h) be the third derivative of -h**4/6 - h**3/3 + 1359*h**2. Let j(s) = -s**2 - 4*s + 2. Let k be j(-4). Let c = k + -4. Determine d(c).
6
Let o(n) = 2*n**3 - 2*n**2 - 15*n - 20. Let m(q) = -q**3 + 2*q**2 + 7*q + 10. Let w(h) = -5*m(h) - 2*o(h). Determine w(7).
4
Let f(v) be the first derivative of -v**2 - 2*v - 64. Let r(h) = h**2 - 4*h + 1. Let m be r(3). What is f(m)?
2
Let c be ((-108)/8 - -10)/(-1). Let d(f) be the second derivative of -f - c*f**2 + 0 + 7/6*f**3 - 1/12*f**4. What is d(5)?
3
Let g(w) = -2*w - 14. Let d(y) = 3*y + 17. Let j(l) = -3*d(l) - 4*g(l). Give j(9).
-4
Let u(m) = -m**2 - 7*m + 2. Let z(w) = -7*w - 21. Let a be z(-10). Suppose 0 = a*q - 47*q + 16. What is u(q)?
-6
Let r(n) = n - 3. Let m(z) = 3*z**2 - z + 4. Let p(v) = -m(v) - 2*r(v). Let x = 6 + -4. Determine p(x).
-12
Let s = 11 + -9. Let j be s - (1 - 2/2). Let q(r) = -5*r**2 - 3*r**2 + r + j*r**2 + 5*r**2. Give q(-1).
-2
Let j(m) = -m**2 - m + 1. Let i be j(2). Let h(l) = -l**2 + l. Let u(a) = -a**3 - 2*a**2 + a - 2. Let o(q) = -2*h(q) - u(q). Give o(i).
-8
Let c(g) = 8*g**2 + 2*g - 2. Suppose 2*j = 6, -z + 0*j + 4 = j. Calculate c(z).
8
Let z(b) = -b**2 - 4*b + 2. Suppose 0 = -2*o - 3*o - 20. Suppose -2*n + 4 = 2*n. Let u = o + n. Give z(u).
5
Let b(z) = 1. Let j(m) = m - 5. Let r(s) = s**2 - 10*s + 8. Let o be r(9). Let x(k) = o*j(k) - 5*b(k). Suppose -3*h = -6*h + 6. Calculate x(h).
-2
Let a be 3 + (-4)/16*0. Let l(d) = -12 - a*d**2 + 5*d**2 + 2*d + 10 + 1. Calculate l(2).
11
Let h(l) = -l**3 - 2*l**2 - 4*l - 2. Suppose 0 = 3*o, 0*k - 2*o - 13 = -k. Let d(s) = -7*s + k*s - 10*s + 6. Let t be d(2). Determine h(t).
6
Let q = 412 + -412. Let h(z) = z - 14. Determine h(q).
-14
Let f(b) = 5 + 150*b - 6*b**2 - 143*b + 5*b**2. Determine f(8).
-3
Let j(q) = -317*q**2 + 3 + 0 - 4*q - 313*q**2 + 639*q**2. What is j(2)?
31
Let d = -1511 - -1513. Let v(o) be the third derivative of 0*o + 0 - 9*o**d + 1/6*o**3 + 1/15*o**5 - 1/24*o**4. Give v(1).
4
Suppose 0 = -6*n + 5*n + 4. Let d(h) = -h**3 + 6*h**3 + 1 - n*h**2 + 4*h - 4*h**3. Let w be d(3). Let f(q) = q**2 - 4*q + 2. Calculate f(w).
2
Suppose 3*s + 2*l + 2*l - 40 = 0, 3*s = 3*l + 33. Let x be (1 + (-3)/(-2))*s/(-15). Let k(z) = z**3 + 2*z**2 + 2*z - 1. What is k(x)?
-5
Suppose l + 3*p - 36 = 0, 4*l - 187 = 2*p - 43. Suppose -16*a + 10*a = l. Let z(c) = -5*c**2 - 3*c**2 - c**3 - 2 - 6*c + c**2. Give z(a).
-2
Let u be (2/4)/((-2)/(-4)). Suppose -4*j = -13 + u. Let b(g) = g**3 - 3*g**2 - g + 1. Give b(j).
-2
Let k(v) be the first derivative of 5/3*v**3 - 1/4*v**4 - 1/2*v**2 - 4*v + 11. Give k(5).
-9
Let a(z) = -7*z - z + 2*z - 1 + 4 + z**2. Determine a(5).
-2
Suppose -4*r = -3*r - 3*n + 11, -2*r + 18 = 2*n. Let u(q) = 4*q - 7. Let a(s) = -2*s + 3. Let l(d) = -5*a(d) - 3*u(d). Give l(r).
-2
Let k(m) = -2*m**2 - 11*m + 2. Let f be k(-6). Let h(s) = -s**3 - 5*s**2 + 2*s - 4. What is h(f)?
-28
Let y(f) be the first derivative of -f**2/2 + 5*f + 835. Determine y(-2).
7
Let q be -3*((-6)/(-2) + -4). Let v(p) = 4*p - 27*p**3 - 2 - 8*p**2 + 2*p**2 + 28*p**q. Calculate v(5).
-7
Let f = 239 - 477/2. Let w(h) be the first derivative of -f*h**2 - 4 - h. What is w(-5)?
4
Suppose -9*o - 22 = 23. Let n(w) = -3*w. Give n(o).
15
Suppose -3*b + 4*b + 1 = -r, 5*b + 29 = 3*r. Let m(n) = -3*n**3 + n**2 + 0 - 3*n**r - 1. Let o be (-9)/(-15) - 8/(-20). Determine m(o).
-6
Suppose 4*r = -x - 5, 0*r = -3*x + 2*r + 13. Let h(g) = -3*g + 3. Let j(l) = -7*l + 8. Let p(u) = -5*h(u) + 2*j(u). Calculate p(x).
4
Let i(o) = o - 1. Let q(w) be the third derivative of -w**4/4 + w**3 + 31*w**2. Let u(m) = 11*i(m) + 2*q(m). What is u(-3)?
4
Suppose 26*o = 23*o, -o = 5*y - 40. Let x(c) = 0 + 7 - 9*c + 4 + c**2. Determine x(y).
3
Let h(n) = -n**2 + 5*n + 4. Let j be (-5 - 3)*(-18)/24. Suppose -16 - 20 = -j*y. Calculate h(y).
-2
Suppose 24 = -5*q + 79*o - 80*o, 2*q + 4*o - 12 = 0. Let n(l) be the first derivative of -l**2/2 - 6*l - 1. Calculate n(q).
0
Let r(o) = -o + 0*o**2 - 3*o**2 + 2 - 2. Let j be r(1). Let x(n) be the second derivative of -n**4/12 - 5*n**3/6 - n**2/2 + 63*n + 2. Determine x(j).
3
Let m(l) = -l**2 + 13*l + 17. Let z be m(14). Suppose -z*b + 7*b - 6 = -v, -v - 1 = -3*b. Let c = -4 - b. Let h(o) = -o - 7. Give h(c).
-2
Let w = 1005 - 1002. Let v(x) = x**2 - 5. What is v(w)?
4
Let b(r) = r**3 + 5*r**2 + r + 4. Suppose -18*t = -12*t + 24. Let p = 1 + 4. Let y be (t + 3 + 0)*p. Determine b(y).
-1
Let k be (-177)/(-18) + (1 - (-10)/(-12)). Let h(l) = -k*l + 4 + 3*l + l - 3. What is h(2)?
-11
Let d(h) = -h**3 + h**2 + 5. Let n(o) = 2*o - 32. Let p(r) = 15*r**3 + 2*r**2 - 1. Let c be p(1). Let k be n(c). Calculate d(k).
5
Let i = -139 - -141. Let x(a) = -14 + 3*a**i + 59*a**3 - 60*a**3 - 2*a**2. Suppose 0*u = u. Calculate x(u).
-14
Let a be (10/4)/((-6)/(-12)). Suppose -2*k = -6*w + 5*w + 4, -a*k + w - 16 = 0. Let t(i) = -i - 4. What is t(k)?
0
Let v(k) = -k**3 - 4*k**2 + 3*k - 6. Let b(x) = -3*x**2 + x - 1. Let r be -3 - (-2 + 2 - 2 - 0). Let q be b(r). Give v(q).
4
Let m(u) = -6*u**2. Let t(z) = -z**3 - 2*z**2 + z - 4. Let v be t(-3). Let d(c) = 2 - 3*c**2 - 4 + c**3 - c**v + 4*c. Let x be d(3). Calculate m(x).
-6
Let f(x) = -14 + x**2 + 4*x**2 + 17 - 2*x - 4*x**2. Give f(3).
6
Let c(j) be the first derivative of 3/2*j**2 - 3 + 5*j. Suppose 0 = -5*b - 15, -3*m - 5 = m - 5*b. Give c(m).
-10
Let i(b) = 6*b - 5*b - b**2 + 0*b + 1. Let t = 2 - -3. Suppose -3*a - t = -8*a. Determine i(a).
1
Let s(a) be the third derivative of a**5/60 + a**4/24 + 5*a**3/6 + 4*a**2 - 75*a. Calculate s(0).
5
Suppose 4 + 8 = 4*t - f, 0 = 2*f + 8. Let m(l) be the third derivative of l**6/120 + 2*l**3 + 9*l**2. Let d(v) be the first derivative of m(v). What is d(t)?
12
Let q(a) = -a**2 + 8*a - 6. Let o be q(5). Let p = -7 - 6. Let u = o + p. Let i(s) = s**2 + 4*s - 2. What is i(u)?
-2
Let r(n) = -n**2 - 9*n - 4. Let u = -2 + -95. Let m = u + 88. What is r(m)?
-4
Let t(x) = x**3 - 8*x**2 - 8*x - 4. Suppose -2*k + 3*k = -5*c + 4, k = 3*c + 12. Determine t(k).
5
Let k(x) = -x**3 - 2*x**2 + 7*x - 6. Let s(l) = 7*l**2 + 92*l + 9. Let u be s(-13). Give k(u).
-2
Let n(w) = -w**3 - 1. Let x(t) = 4*t**3 - t**2 + t - 5. Suppose -3*p - 3 = -0*p. Let c(z) = p*x(z) + 4*n(z). What is c(1)?
-7
Let a(m) be the third derivative of m**5/10 + 4*m**2 + 5*m. Let j = 11 + -12. Calculate a(j).
6
Let l(x) = -x + 10. Let a be 2/(-10 - (-205)/20). Determine l(a).
2
Let t(c) = 1 + 6*c**2 + 0*c**2 - 2 - 10*c**2 + 2*c. Let g(z) = -z**3 + 14*z**2 + 16*z - 14. Let q be g(15). What is t(q)?
-3
Let s = 11 - 5. Suppose 0*y + s = 3*y. Let q(t) = 4*t**2 + 3*t - 16 - 2*t**2 - 11 + 6457*t**3 + 25 - 6458*t**3. Determine q(y).
4
Let c(q) be the second derivative of -2*q**3/3 - 3*q**2/2 + 2*q. Let f be 12 + -12 + (-1 - 5). Determine c(f).
21
Let y(j) = -5*j**2 + 9*j + 4. Let b(k) = 2*k**2 + 14*k - 1. Let i(r) = r**2 + 13*r. Let v(p) = -5*b(p) + 6*i(p). Let n(g) = 4*v(g) - 3*y(g). Give n(7).
-6
Let o(b) = 3*b - 14.